ite number?
True
Suppose 3*h = 2*w + 713, -5*h - 2*w = -0*w - 1183. Let z = 317 + h. Is z a composite number?
True
Suppose s + 0*s = 2. Suppose 2*h - s*v - 5 - 55 = 0, -5*h + v = -142. Suppose 4*j + 4*l = 156, 4*j = l + 174 - h. Is j composite?
False
Let o(l) be the second derivative of 0*l**2 + 1/6*l**3 + 1/6*l**4 + 0 - 4*l - 51/5*l**5. Is o(-1) prime?
False
Is 16/(-2)*877677/(-444) prime?
False
Let l(p) = p**3 + 28*p**2 + p - 5. Is l(-21) a prime number?
True
Let h(v) = 5*v + 6. Let r be h(-5). Suppose 6*w - 546 = 42. Let m = r + w. Is m composite?
False
Let j = 413 + -91. Suppose -227 = 3*b + j. Let w = -34 - b. Is w composite?
False
Let t(m) = 2 - 10*m**2 + 0*m**2 - 5*m + 0 - 11*m**2. Let u be t(3). Let i = 413 + u. Is i prime?
True
Let c(h) be the first derivative of -h**4/4 - h**3/3 + 2*h**2 - 11*h + 6. Is c(-5) a composite number?
True
Let y = -13321 + 23318. Is y prime?
False
Suppose -11*u - 147478 = -49*u. Is u composite?
False
Let z(h) = 70*h + 40231. Is z(0) a prime number?
True
Suppose -45*a = -42*a - 13599. Is a prime?
False
Let s = -18 - -27. Suppose -5*q + s = -11. Suppose -2820 = -q*i - 776. Is i prime?
False
Suppose 0*z + j = -2*z + 7, -5*z + 34 = -3*j. Let h(q) = q**2 - 5*q + 2. Let i be h(z). Suppose -95 = -3*c + i*c. Is c prime?
False
Suppose 4*y + 2*l + 6 + 6 = 0, 0 = 3*y - 3*l. Is 286 - (-2)/(2*y/(-6)) prime?
False
Suppose 11*h - 15*h + 2059 = 3*y, 2*y - 1367 = 3*h. Is y a prime number?
False
Suppose 3*x = -5*n + 15 + 22, 0 = -2*x + n + 3. Suppose 5667 - 1408 = -4*y + u, -2*y - 2134 = x*u. Let b = y - -1904. Is b a prime number?
True
Let o(a) = 1619*a**2 + 5*a + 5. Let x be (-2)/(-12) + 112/(-96). Is o(x) composite?
False
Let v(d) be the third derivative of -d**4/6 + 5*d**3/6 + 6*d**2. Let s be v(2). Is s/6 - (-1678)/4 prime?
True
Let a = -48 - -51. Suppose 748 = -a*u + 7*u. Is u a prime number?
False
Let k be (-6)/(-33) - 159/(-33). Let p(d) = 15*d**3 + 3*d**2 + d + 6. Is p(k) prime?
False
Let x(m) = 2*m**3 + 11*m**2 - 9*m - 11. Is x(7) prime?
True
Let z(t) = -t**2 - 4*t + 9. Let r be z(-4). Suppose -r*i + 3*i + 9942 = 0. Is i prime?
True
Let q(k) = k**3 - k + 38. Let z(w) = 7*w + 1. Let h(i) = -3*i. Let t(p) = 5*h(p) + 2*z(p). Let m be t(2). Is q(m) a composite number?
True
Let g(l) = 12*l - 40. Let s be g(20). Suppose 4*m = 7036 - s. Is m prime?
True
Let h(o) = -52*o**3 - o**2 + 6*o - 4. Is h(-3) a composite number?
False
Let r be 1514/(1/50*5). Is r/40 + (-1)/(-2) composite?
False
Let o(z) = 47*z**3 + 4*z**2 + 3*z + 3. Let f(c) = -47*c**3 - 3*c**2 - 2*c - 2. Let s(m) = -4*f(m) - 3*o(m). Is s(2) a prime number?
True
Suppose 4*x + x = 20. Suppose -5*z = -n - 25, -5*n - 26 = -1. Suppose z = x*w, -4*u + w + 3*w + 144 = 0. Is u a prime number?
True
Suppose 19 = 4*v - 5. Suppose -5*k + 16 = 4*y, -4*k = 5*y + 6 - 17. Is 2127/v - k/(-8) a prime number?
False
Is ((23918/10*5)/(-1))/(-1) composite?
False
Let c be ((-1988)/8 - -4)/3*-46. Suppose a + r - 281 = 472, 3*r = 5*a - c. Is a a prime number?
True
Let m = 120 - 118. Suppose 0 = -3*v - m*k + 427, -5*k + 580 + 125 = 5*v. Is v prime?
False
Let p = 246 - 115. Is p a prime number?
True
Suppose 5*p = -s + 12554, -5*s + 62710 = 8*p - 3*p. Is s prime?
True
Let j = 65 + 52. Let z = j - -3034. Is z a prime number?
False
Suppose 10*h = 4*h + 19086. Is h a prime number?
True
Suppose -330819 + 88440 = -27*f. Is f a prime number?
False
Suppose 18 = h - 4*y - 0*y, -4*h = 2*y. Suppose m = -5*a + 128, -m + 5*m + h*a = 422. Suppose -2*s = -5*l - 203, -3*s - m + 418 = -4*l. Is s composite?
False
Let d(l) = 9*l**2 + 2*l**2 - 2*l + 4*l**2 + 0*l**2 - 11. Let h be d(5). Let v = h + 433. Is v a prime number?
True
Let o be (-11 - -2 - -3) + 2. Let j = 5 - o. Is (j/(-27))/(1/(-267)) a composite number?
False
Let c(f) = -f**3 + f**2 + f - 1. Let w(z) = -3*z**3 + 4*z**2 + 9*z - 3. Let t(r) = -6*c(r) + w(r). Let m be t(-3). Let u = 187 + m. Is u prime?
False
Let z = -7 - -13. Let c(v) = 28*v + 5. Let k(o) = 29*o + 4. Let a(y) = z*k(y) - 5*c(y). Is a(1) a prime number?
False
Suppose 4*j - 3*j = -497. Suppose 0 = -10*g + 7*g + 2208. Let p = g + j. Is p composite?
False
Let j = 64 + -55. Suppose -14108 = -13*s + j*s. Is s composite?
False
Suppose 5*k + 3*x + 29 = x, 6 = -3*k - 5*x. Let v(j) = -2*j**3 - j**2 + j + 1. Is v(k) a composite number?
False
Let b = -11 - -13. Suppose 2 = k, 3*n - b*n - 5*k = -10. Suppose n*d - d + 211 = 0. Is d a composite number?
False
Suppose 0 = -5*p + 3*l + 85, 2*p + 10*l - 5*l - 3 = 0. Let h = -7 + p. Suppose 0 = h*o - 2*o - 555. Is o a composite number?
True
Suppose 11*v = 4*v + 63. Suppose -v*h + 7990 = h. Is h composite?
True
Let p(i) = -7*i**2 + 35*i**2 - 3*i + 1 + 105*i**2 - 19*i**2. Let u be p(-2). Suppose 3*s = -3*h + u + 227, h = -2*s + 227. Is h prime?
True
Suppose -4*b + 11720 = 4*m, -m - 7*b + 2921 = -9*b. Is m a composite number?
False
Let j(p) = 2*p - 126. Let q(d) = 6*d - 377. Let r(a) = 8*j(a) - 3*q(a). Let w be r(0). Let l = w + 258. Is l composite?
True
Suppose -134*u - 1808 = -138*u. Is (u/6)/(8/132) a prime number?
False
Suppose 5*h - h - 3*u - 2083 = 0, 5*u = 3*h - 1576. Suppose -2*v + 829 = -h. Is v composite?
False
Suppose 2*c = -5*n + 15, -3*n - 2*c = -6*c - 9. Suppose 0 = 4*d + 3*x - 4*x + n, 2*d + 5*x = 15. Suppose -11*f + 9*f + 982 = d. Is f a prime number?
True
Suppose 2*l + 22 = 3*r, -5*r - l - 3*l = 0. Suppose -4*k + r*q = -3492, 5*q + 2958 + 530 = 4*k. Is k composite?
False
Let p(w) = 2618*w + 195. Is p(14) prime?
True
Is 54082 + -1 + 4/(18/9) composite?
False
Let y(g) = g**3 + 14*g**2 + 5*g - 4. Let t(x) = -x**3 + 5*x**2 - 4*x + 10. Let c be t(5). Is y(c) composite?
True
Is 1/7 + 179964/42 a composite number?
True
Suppose -60*x = -55*x - 13135. Is x a composite number?
True
Suppose 7801 = 9*l - 66566. Is l a composite number?
False
Let y = -10334 - -15045. Is y a prime number?
False
Let b = -4666 - -8031. Is b composite?
True
Is 19444/(-16)*(-15 - -11) a prime number?
True
Is (-16)/(112/35) + 5202/1 a composite number?
False
Let p = -220 + 332. Let s = -21 - -41. Suppose 4*a - p - s = 0. Is a a composite number?
True
Let u be (-5 + 2)/((-12)/4). Suppose 0 = -2*v - 2, r + 2*v = -3 + u. Is 7570/10 + (r - 2) a composite number?
True
Is 36/(-54)*(-3558)/4 a composite number?
False
Let r be -1*(12/4 + -3). Suppose -3*o - 3 = -3*a - 0*o, -4*a + 5*o + 5 = r. Is a - -1*70/2 a prime number?
False
Let z be ((-4)/8)/((-4)/18760). Suppose z = y + 6*y. Is y prime?
False
Let v be (-4)/(-22) - 409/11. Let z = 65 + v. Suppose z*q - 25*q - 1095 = 0. Is q a prime number?
False
Let c be (1098/(-4))/(12/(-24)). Suppose c = b - 197. Is b prime?
False
Let w(l) be the first derivative of 5 + 0*l**2 - l + 0*l**3 + 119/4*l**4. Is w(1) composite?
True
Let w(o) = -o**3 - 3*o**2 + 5*o. Let g be w(-4). Let q(a) = a**3 + 3*a**2 - 3*a - 4. Let j be q(g). Is (890/40)/((-2)/j) a composite number?
False
Let k = 1489 - -301. Let l = k + 81. Is l a composite number?
False
Is (70715 + -1)*(5 - (-144)/(-32)) a composite number?
True
Suppose 5*j = -3*b + 20, 4*b + 5 + 11 = 4*j. Suppose 2*c = -j, -a - 5*c + 2201 = 2*a. Is a a composite number?
True
Suppose 413 + 382 = 2*j + 5*u, -2*u + 1550 = 4*j. Suppose 284 + j = 3*p. Is p prime?
True
Let n(a) = 6*a**2 - 4*a + 21. Let l(b) = 9*b + 18. Let g be l(-3). Is n(g) a prime number?
False
Let n(c) be the first derivative of c**3/3 - c**2 - c - 6. Let y be n(-1). Suppose y*h - h = 293. Is h prime?
True
Let x(s) = 12*s + 19. Let r(g) = 2*g**2 + 9*g + 4. Let c be r(-5). Is x(c) a prime number?
True
Suppose -4*j + 84403 = 3*x, 4*j = 6*x - 109141 - 59653. Is x a prime number?
False
Suppose 21 = 4*m - 19. Let i be 5/m - (-2598)/4. Suppose 5*z + 502 = 3*n, -2*z = 4*n - 28 - i. Is n composite?
True
Let w be ((-16)/(-20))/(2/5). Suppose -5*f + 2*b = 28, -w*b + 5 = -7*b. Is (-95 - 6)/(3/f) a prime number?
False
Let c be (0 - -6)/2 - (-6)/(-2). Suppose c = 4*m - o - o - 4158, 4*m + 5*o - 4151 = 0. Is m a prime number?
True
Let f(m) = -2*m**3 - 6*m**2 - 3*m - 10. Let r be f(-5). Suppose -2*g + r = -5*j, 3*g - g - 125 = j. Is g a prime number?
False
Let j(x) = -10 + 21*x**2 - 9*x**2 - 9*x - 10*x**2. Is j(13) composite?
False
Let p(l) = -16*l**2 - 2*l + 11. Let i be p(5). Is (i/6)/(6/(-12)) a prime number?
False
Let k = -18 + 21. Suppose k*j = -b 